{"id":35,"date":"2020-12-27T14:50:32","date_gmt":"2020-12-27T13:50:32","guid":{"rendered":"https:\/\/moraskibrydz.pl\/?page_id=35"},"modified":"2026-03-27T18:06:34","modified_gmt":"2026-03-27T17:06:34","slug":"wyniki","status":"publish","type":"page","link":"https:\/\/moraskibrydz.pl\/?page_id=35","title":{"rendered":"Wyniki"},"content":{"rendered":"\n<p>Wyniki klasyfikacyjne 2025<\/p>\n\n\n\n<p><a href=\"http:\/\/archiwum.moraskibrydz.pl\/Turnieje\/2025\/2025PDF\/index.html\"><strong>PDF 2025<\/strong> <strong>r.<\/strong><\/a><\/p>\n\n\n\n<p><a href=\"http:\/\/archiwum.moraskibrydz.pl\/Turnieje\/2025\/Mpkl25.pdf\"><strong>PKL 2025 r<\/strong>.<\/a><\/p>\n\n\n\n<p><strong><a href=\"http:\/\/archiwum.moraskibrydz.pl\/Turnieje\/2025\/PKLkraj25.pdf\" data-type=\"URL\" data-id=\"http:\/\/archiwum.moraskibrydz.pl\/Turnieje\/2023\/PKLkraj23.htm\">PKL-e krajowe 25<\/a><\/strong><\/p>\n\n\n<hr>\n\n\n<p class=\"has-text-color has-large-font-size\" style=\"color:#327221\"><strong>NAJNOWSZE WYNIKI<\/strong><\/p>\n\n\n\n<p><a href=\"https:\/\/brydz.olsztyn.pl\/240414\/\">Medal Mistrzostw Wojew\u00f3dztwa Par Jana Janiaka<\/a><img loading=\"lazy\" decoding=\"async\" width=\"150\" height=\"85\" class=\"wp-image-1565\" style=\"width: 150px;\" src=\"https:\/\/moraskibrydz.pl\/wp-content\/uploads\/2024\/04\/MWPar.jpg\" alt=\"\" srcset=\"https:\/\/moraskibrydz.pl\/wp-content\/uploads\/2024\/04\/MWPar.jpg 600w, https:\/\/moraskibrydz.pl\/wp-content\/uploads\/2024\/04\/MWPar-300x169.jpg 300w\" sizes=\"auto, (max-width: 150px) 100vw, 150px\" \/><\/p>\n\n\n\n<p><a href=\"https:\/\/www.pzbs.pl\/archiwum\/219-relacje-z-imprez\/7863-fina-internetowych-mistrzostw-polski-par-na-zapis-maksymalny\">Para J. Sta\u0144czak &#8211; I. Jagielski medalistami Mistrzostw Polski<\/a><\/p>\n\n\n\n<p><a href=\"https:\/\/www.latala.pl\/wyniki\/230521\/dfV123\/\">Para Narie Mor\u0105g najlepsza w Chorwacji<\/a><\/p>\n\n\n\n<p><a href=\"https:\/\/www.facebook.com\/brydzmorag\/posts\/260635236713233\">Komentarz na Facebooku<\/a><\/p>\n\n\n\n<hr class=\"wp-block-separator has-alpha-channel-opacity\"\/>\n\n\n\n<h2 class=\"wp-block-heading\">III Liga<\/h2>\n\n\n\n<p class=\"has-normal-font-size\"><strong><a href=\"https:\/\/www.brydz.olsztyn.pl\/3liga2024\/3liga2024leaderb.html\" data-type=\"link\" data-id=\"https:\/\/wyniki.pzbs.pl\/liga\/liga2024-25\/3liga\/ne\/nerrleaderb.html\"><em><strong>Tabela i wyniki<\/strong><\/em>&nbsp;<\/a><\/strong><\/p>\n\n\n\n<p><a href=\"https:\/\/www.facebook.com\/share\/p\/pb2qDEamRxUBCRwD\/\">Komentarz na Facebooku<\/a><\/p>\n\n\n\n<figure class=\"wp-block-image size-full is-resized\"><img loading=\"lazy\" decoding=\"async\" width=\"748\" height=\"241\" src=\"https:\/\/moraskibrydz.pl\/wp-content\/uploads\/2025\/05\/image-1.png\" alt=\"\" class=\"wp-image-2016\" style=\"width:462px;height:auto\" srcset=\"https:\/\/moraskibrydz.pl\/wp-content\/uploads\/2025\/05\/image-1.png 748w, https:\/\/moraskibrydz.pl\/wp-content\/uploads\/2025\/05\/image-1-300x97.png 300w\" sizes=\"auto, (max-width: 748px) 100vw, 748px\" \/><\/figure>\n\n\n\n<div class=\"wp-block-columns is-layout-flex wp-container-core-columns-is-layout-9d6595d7 wp-block-columns-is-layout-flex\">\n<div class=\"wp-block-column is-layout-flow wp-block-column-is-layout-flow\">\n<hr class=\"wp-block-separator has-css-opacity\"\/>\n\n\n\n<p><strong><strong>Turniej indywidualny na impy z przel. na VP, pi\u0105tek 30.01.2026<\/strong><\/strong><\/p>\n\n\n\n<p>Przy okazji podsumowania 2025 r. odby\u0142 si\u0119 turniej indywidualny w kt\u00f3rym zwyci\u0119\u017cy\u0142 <strong>Jan Smolarek<\/strong>, drugi by\u0142 Dariusz Romejko, trzeci Dariusz \u0141uczak. zagra\u0142o 14 bryd\u017cyst\u00f3w. Turniej nie jest liczony do klasyfikacji d\u0142ugofalowej.<\/p>\n\n\n\n<p><a href=\"http:\/\/archiwum.moraskibrydz.pl\/Turnieje\/2026\/260130\/index.html\">Wyniki<\/a><\/p>\n\n\n\n<p><a href=\"https:\/\/www.facebook.com\/share\/p\/1AvPva2XJV\/\">Komentarz na Facebooku<\/a><\/p>\n\n\n\n<hr class=\"wp-block-separator has-alpha-channel-opacity\"\/>\n\n\n\n<p><strong><strong>Turniej par na impy z przel. na VP, czwartek 22.01.2026<\/strong><\/strong><\/p>\n\n\n\n<p>Zdecydowane zwyci\u0119stwo odnios\u0142a para <strong>Robert Buta &#8211; Bogdan Pietkiewicz<\/strong>. Drugie miejsce zdoby\u0142a para J. Kijko &#8211; R. Smoczy\u0144ski, trzecie miejsce A. Cydejko &#8211; J. Sta\u0144czak.<\/p>\n\n\n\n<p><a href=\"http:\/\/archiwum.moraskibrydz.pl\/Turnieje\/2026\/260122\/index.html\">Wyniki<\/a><\/p>\n\n\n\n<p><a href=\"https:\/\/www.facebook.com\/share\/p\/1BhY9eUJqy\/\">Komentarz na Facebooku<\/a><\/p>\n\n\n\n<hr class=\"wp-block-separator has-alpha-channel-opacity\"\/>\n\n\n\n<p><strong><strong>Turniej par na impy z przel. na VP, czwartek 15.01.2026<\/strong><\/strong><\/p>\n\n\n\n<p>Ponownie zwyci\u0119stwo odnios\u0142a para <strong>Aleksander Cydejko &#8211; Jan Sta\u0144czak. <\/strong> Drugie miejsce zdoby\u0142a para K. Kulas &#8211; D. \u0141uczak, trzecie miejsce J. Kijko &#8211; R. Smoczy\u0144ski.<\/p>\n\n\n\n<p><a href=\"http:\/\/archiwum.moraskibrydz.pl\/Turnieje\/2026\/260115\/index.html\">Wyniki<\/a><\/p>\n\n\n\n<hr class=\"wp-block-separator has-alpha-channel-opacity\"\/>\n\n\n\n<p><strong>Turniej KMP na maksy, poniedzia\u0142ek 12.01.2026<\/strong><\/p>\n\n\n\n<p>Zwyci\u0119stwo odnios\u0142a para <strong>Aleksander Cydejko &#8211; Jan Sta\u0144czak. <\/strong> Drugie miejsce zdoby\u0142a para  J. Kijko &#8211; R. Smoczy\u0144ski, trzecie miejsce R. Buta &#8211; B. Pietkiewicz.<\/p>\n\n\n\n<p><a href=\"http:\/\/archiwum.moraskibrydz.pl\/Turnieje\/2026\/260112\/index.html\">Wyniki<\/a><\/p>\n\n\n\n<p><a href=\"https:\/\/r.bridgespider.com\/44249\/pot-WM\/132\/\">Wyniki krajowe<\/a><\/p>\n\n\n\n<p><a href=\"https:\/\/www.facebook.com\/share\/p\/1D4gwZp9de\/\">Komentarz na Facebooku<\/a><\/p>\n\n\n\n<hr class=\"wp-block-separator has-alpha-channel-opacity\"\/>\n\n\n\n<p><strong><strong>Turniej par na impy z przel. na VP, czwartek 18.12.2025<\/strong><\/strong><\/p>\n\n\n\n<p>Zwyci\u0119stwo odnios\u0142a para <strong>Marek Pawlicki &#8211; J\u00f3zef <\/strong> <strong>Wi\u015bnik. <\/strong> Drugie miejsce zdoby\u0142a para K. Kulas &#8211; D. \u0141uczak, a trzecie A. Cydejko &#8211; J. Sta\u0144czak.<\/p>\n\n\n\n<p><a href=\"http:\/\/archiwum.moraskibrydz.pl\/Turnieje\/2025\/251218\/index.html\">Wyniki<\/a><\/p>\n\n\n\n<p><a href=\"https:\/\/www.facebook.com\/share\/p\/1ByfHWcTJ9\/\">Komentarz na Facebooku<\/a><\/p>\n\n\n\n<hr class=\"wp-block-separator has-alpha-channel-opacity\"\/>\n\n\n\n<p><strong><strong>Turniej par na impy z przel. na VP, czwartek 11.12.2025<\/strong><\/strong><\/p>\n\n\n\n<p>Zwyci\u0119stwo odnios\u0142a para <strong>Ryszard \u0141asowski -Ryszard Smoczy\u0144ski. <\/strong> Drugie miejsce zdoby\u0142a para K. Kulas &#8211; D. \u0141uczak, a trzecie M. Pawlicki &#8211; J.Wi\u015bnik.<\/p>\n\n\n\n<p><a href=\"http:\/\/archiwum.moraskibrydz.pl\/Turnieje\/2025\/251211\/index.html\">Wyniki<\/a><\/p>\n\n\n\n<p><a href=\"https:\/\/www.facebook.com\/share\/p\/1BxFDfvbBM\/\">Komentarz na Facebooku<\/a><\/p>\n\n\n\n<hr class=\"wp-block-separator has-alpha-channel-opacity\"\/>\n\n\n\n<p><strong>Turniej KMP na maksy, poniedzia\u0142ek 8.12.2025<\/strong><\/p>\n\n\n\n<p>Zwyci\u0119stwo odnios\u0142a para <strong>Aleksander Cydejko &#8211; Jan Sta\u0144czak. <\/strong> Drugie miejsce zdoby\u0142a para K. Kulas &#8211; D. \u0141uczak, trzecie miejsce M. Pawlicki &#8211; J.Wi\u015bnik.<\/p>\n\n\n\n<p><a href=\"http:\/\/archiwum.moraskibrydz.pl\/Turnieje\/2025\/251208\/index.html\">Wyniki<\/a><\/p>\n\n\n\n<p><a href=\"https:\/\/r.bridgespider.com\/39731\/pot-WM\/132\/\">Wyniki krajowe<\/a><\/p>\n\n\n\n<p><a href=\"https:\/\/www.facebook.com\/share\/p\/1AKQccM35B\/\">Komentarz na Facebooku<\/a><\/p>\n\n\n\n<hr class=\"wp-block-separator has-alpha-channel-opacity\"\/>\n\n\n\n<p><strong><strong>Turniej par na impy z przel. na VP, czwartek 4.12.2025<\/strong><\/strong><\/p>\n\n\n\n<p>Zwyci\u0119stwo odnios\u0142a para <strong>Aleksander Cydejko &#8211; Jan Sta\u0144czak. <\/strong> Drugie miejsce zdoby\u0142a para R. \u0141asowski -R. Smoczy\u0144ski, a trzecie R. Buta &#8211; J. Kijko.<\/p>\n\n\n\n<p><a href=\"http:\/\/archiwum.moraskibrydz.pl\/Turnieje\/2025\/251204\/index.html\">Wyniki<\/a><\/p>\n\n\n\n<p><a href=\"https:\/\/www.facebook.com\/share\/p\/17YU4MrHFn\/\">Komentarz na Facebooku<\/a><\/p>\n\n\n\n<hr class=\"wp-block-separator has-alpha-channel-opacity\"\/>\n\n\n\n<p><\/p>\n\n\n\n<hr class=\"wp-block-separator has-alpha-channel-opacity\"\/>\n\n\n\n<p class=\"has-large-font-size\"><strong>III&nbsp;LIGA 2024\/25<\/strong><\/p>\n\n\n\n<p class=\"has-normal-font-size\"><strong><a href=\"https:\/\/www.brydz.olsztyn.pl\/3liga2024\/3liga2024leaderb.html\"><em><strong>Tabela i wyniki<\/strong><\/em>&nbsp;<\/a><\/strong><\/p>\n\n\n\n<p class=\"has-larger-font-size\"><strong>II&nbsp;LIGA 2023\/24<\/strong><\/p>\n\n\n\n<p class=\"has-normal-font-size\"><strong><a href=\"https:\/\/wyniki.pzbs.pl\/liga\/liga2023-24\/2liga\/ne\/nerrleaderb.html\"><em><strong>Tabela i wyniki<\/strong><\/em>&nbsp;<\/a><\/strong><\/p>\n\n\n\n<p><a href=\"https:\/\/www.facebook.com\/brydzmorag\/posts\/440235098753245\">Komentarz na Facebooku<\/a><\/p>\n\n\n\n<h3 class=\"wp-block-heading has-larger-font-size\">II&nbsp;LIGA 2022\/23<\/h3>\n\n\n\n<p><a href=\"https:\/\/wyniki.pzbs.pl\/liga\/liga2022-23\/2liga\/ne\/nerrleaderb.html\">Wyniki Narie Mor\u0105g<\/a><\/p>\n\n\n\n<p><strong><em><strong><a href=\"https:\/\/wyniki.pzbs.pl\/liga\/liga2022-23\/2liga\/ne\/nerrleaderb.html\">II&nbsp;LIGA<\/a><\/strong><\/em><a href=\"https:\/\/wyniki.pzbs.pl\/liga\/liga2021-22\/2liga\/ne\/nerrleaderb.html\">&nbsp;<\/a><\/strong><\/p>\n\n\n\n<p>Ostatecznie zaj\u0119li\u015bmy 6 miejsce. <\/p>\n\n\n\n<p><a href=\"https:\/\/www.facebook.com\/brydzmorag\/posts\/176249525151805\">Komentarz na Facebooku<\/a><\/p>\n\n\n\n<hr class=\"wp-block-separator has-alpha-channel-opacity\"\/>\n\n\n\n<p class=\"has-larger-font-size\"><strong>KLASYFIKACJE<\/strong><\/p>\n\n\n\n<h6 class=\"wp-block-heading has-text-color\" style=\"color:#0d0e0e\"><a href=\"http:\/\/moraskibrydz.pl\/Turnieje\/2017\/2017PDF.HTM\">KO\u0143COWA KLASYFIKACJA 2017&nbsp; <\/a><\/h6>\n\n\n\n<h6 class=\"wp-block-heading has-text-color\" style=\"color:#0d0e0e\"><a href=\"https:\/\/archiwum.moraskibrydz.pl\/Turnieje\/2018\/2018PDF.HTM\">KO\u0143COWA KLASYFIKACJA 2018&nbsp;<\/a><\/h6>\n\n\n\n<h6 class=\"wp-block-heading has-text-color\" style=\"color:#0d0e0e\"><a href=\"http:\/\/archiwum.moraskibrydz.pl\/Turnieje\/2019\/2019PDF.HTM\"><\/a><a href=\"http:\/\/archiwum.moraskibrydz.pl\/Turnieje\/2019\/2019PDF.HTM\">KO\u0143COWA KLASYFIKACJA 2019&nbsp; <\/a><\/h6>\n\n\n\n<h6 class=\"wp-block-heading has-text-color\" style=\"color:#0d0e0e\"><a href=\"http:\/\/archiwum.moraskibrydz.pl\/Turnieje\/2020\/2020PDF.HTM\">Ko\u0144cowA KLASYFIKACJa 2020  <\/a><strong><a href=\"http:\/\/archiwum.moraskibrydz.pl\/Turnieje\/2020\/2020PDF.HTM\"> <\/a><\/strong><\/h6>\n\n\n\n<p><strong><a href=\"http:\/\/archiwum.moraskibrydz.pl\/Turnieje\/2021\/2021PDF.HTM\">KO\u0143COWA KLASYFIKACJA 2021<\/a><\/strong> <strong><a href=\"http:\/\/archiwum.moraskibrydz.pl\/Turnieje\/2021\/2021PDF.HTM\">r.<\/a><\/strong><\/p>\n\n\n\n<p><a href=\"http:\/\/archiwum.moraskibrydz.pl\/Turnieje\/2022\/2022PDF.html\"><strong>KO\u0143COWA KLASYFIKACJA 2022<\/strong> <strong>r.<\/strong><\/a><\/p>\n\n\n\n<div class=\"wp-block-group\"><div class=\"wp-block-group__inner-container is-layout-flow wp-block-group-is-layout-flow\">\n<p><a href=\"http:\/\/archiwum.moraskibrydz.pl\/Turnieje\/2023\/2023PDF\/index.html\"><strong>KO\u0143COWA KLASYFIKACJA  2023<\/strong> <strong>r.<\/strong><\/a><\/p>\n\n\n\n<p><a href=\"http:\/\/archiwum.moraskibrydz.pl\/Turnieje\/2024\/2024PDF\/index.html\"><\/a><a href=\"http:\/\/archiwum.moraskibrydz.pl\/Turnieje\/2024\/2024PDF\/index.html\"><strong>KO\u0143COWA KLASYFIKACJA 2024<\/strong> <strong>r.<\/strong><\/a><\/p>\n\n\n\n<p><a href=\"http:\/\/archiwum.moraskibrydz.pl\/Turnieje\/2020\/2020PKL.HTM\"><strong>PKL-e 2020<\/strong><\/a>&nbsp; &nbsp; &nbsp; &nbsp;<\/p>\n\n\n\n<p><strong><a href=\"http:\/\/archiwum.moraskibrydz.pl\/Turnieje\/2021\/2021pkl.htm\">PKLe 2021<\/a><\/strong><\/p>\n\n\n\n<p><strong><a href=\"http:\/\/archiwum.moraskibrydz.pl\/Turnieje\/2022\/2022PKL.HTM\">PKLe 2022<\/a><\/strong><\/p>\n<\/div><\/div>\n\n\n\n<h6 class=\"wp-block-heading has-text-color\" style=\"color:#0d0e0e\"><a href=\"http:\/\/archiwum.moraskibrydz.pl\/Turnieje\/2023\/2023PKL.HTM\"><strong>PKL 2023<\/strong><\/a><\/h6>\n\n\n\n<p><a href=\"http:\/\/archiwum.moraskibrydz.pl\/Turnieje\/2024\/2024PKL.HTM\"><strong>PKL 2024 r<\/strong>.<\/a><\/p>\n\n\n\n<h6 class=\"wp-block-heading has-text-color\" style=\"color:#0d0e0e\"><strong><a href=\"http:\/\/archiwum.moraskibrydz.pl\/Turnieje\/2023\/PKLkraj23.pdf\" data-type=\"URL\" data-id=\"http:\/\/archiwum.moraskibrydz.pl\/Turnieje\/2023\/PKLkraj23.htm\">PKL-e krajowe 2023<\/a><\/strong><\/h6>\n\n\n\n<p><strong><a href=\"http:\/\/archiwum.moraskibrydz.pl\/Turnieje\/2024\/PKLkraj24.pdf\" data-type=\"URL\" data-id=\"http:\/\/archiwum.moraskibrydz.pl\/Turnieje\/2023\/PKLkraj23.htm\">PKL-e krajowe 2024<\/a><\/strong><\/p>\n\n\n\n<h3 class=\"wp-block-heading\">RELACJE&nbsp;<\/h3>\n\n\n\n<p class=\"has-larger-font-size\"><strong><a href=\"https:\/\/wyniki.pzbs.pl\/2022\/bogaczewo\/\">OTP** o Puchar Burmistrza Mor\u0105ga<\/a><\/strong><\/p>\n\n\n\n<p> 1 maja 2022 nasze Stowarzyszenie zorganizowa\u0142o Og\u00f3lnopolski Turniej Bryd\u017ca Sportowego im. Senatora Henryka Krupy. Turniej odby\u0142 si\u0119 w go\u015bcinnej restauracji Pla\u017ca w Bogaczewie, a g\u0142\u00f3wnymi sponsorami byli: Starosta Ostr\u00f3dzki, Burmistrz Mor\u0105ga i firma Dabl.    Zawodnicy mogli liczy\u0107 na pi\u0119kne puchary oraz nagrody finansowe i rzeczowe. Zaliczane do Grand Prix Wojew\u00f3dztwa zawody zgromadzi\u0142y 46 duet\u00f3w z ca\u0142ej p\u00f3\u0142nocno-wschodniej Polski. Przyby\u0142o wielu znanych i utytu\u0142owanych zawodnik\u00f3w, jak na przyk\u0142ad prezes WMOZBS Pawe\u0142 Jarz\u0105bek, by\u0142y wieloletni prezes Jan Rogowski czy graj\u0105ca na co dzie\u0144 w ekstraklasie para Krzysztof Pikus \u2013 Zbigniew Rogowski. Turniej u\u015bwietni\u0142 te\u017c swoim czynnym udzia\u0142em genera\u0142 J\u00f3zef Kuczak. Uroczystego otwarcia zawod\u00f3w dokona\u0142 wiceburmistrz Mor\u0105ga, Leszek Biernacki, a poprowadzi\u0142 je niezwykle sprawnie s\u0119dzia mi\u0119dzynarodowy Arkadiusz Ciechomski.1 miejsce zdoby\u0142a para z wojew\u00f3dztwa pomorskiego <strong>Aleksander Kasprzak, Krzysztof Przybielski<\/strong>, najlepsza para mor\u0105ska <strong>Jan Janiak \u2013 Ryszard \u0141asowski<\/strong> zameldowa\u0142a si\u0119 na 5 pozycji.  Szczeg\u00f3\u0142owe wyniki i rozk\u0142ady kart mo\u017cna obejrze\u0107 po klikni\u0119ciu w tytu\u0142 turnieju OTP (powy\u017cej) a zdj\u0119cia z turnieju (poni\u017cej) w GALERIA. Bra\u0107 bryd\u017cowa wysoko oceni\u0142a organizacj\u0119 turnieju. Doceni\u0142a te\u017c uroki Ziemi Ostr\u00f3dzkiej i zapowiedzia\u0142a przyjazd za rok. Ze swojej strony, w imieniu prezesa Mor\u0105skiego Stowarzyszenia Bryd\u017ca Sportowego \u201eNarie\u201d Jana Sta\u0144czaka, serdecznie zapraszamy !<\/p>\n\n\n\n<p class=\"has-large-font-size\"><strong><a href=\"https:\/\/www.facebook.com\/search\/top?q=mor%C4%85skie%20stowarzyszenie%20bryd%C5%BCa%20sportowego%20narie\">GALERIA<\/a><\/strong><\/p>\n\n\n\n<p><a href=\"http:\/\/brydz.olsztyn.pl\/20200112\/\">\u015awietna gra pary NARIE w turnieju WO\u015aP<\/a><\/p>\n\n\n\n<p><a href=\"https:\/\/www.bridgewebs.com\/cgi-bin\/bwom\/bw.cgi?pid=display_rank&amp;event=20190623_1&amp;club=bridgetunisie\">Sukces Jana Sta\u0144czaka w Tunezji<\/a><\/p>\n\n\n\n<p><a href=\"http:\/\/www.brydz.olsztyn.pl\/\">OTP im. H.Krupy<\/a>&nbsp; &nbsp; &nbsp;<a href=\"https:\/\/photos.google.com\/share\/AF1QipNvXnwuUb7dEVXriiswdG3UIf7ia6oWSWpKAteZmVs0xE537Y9G5238ItuXDCkYMQ?key=alIxcGtlQUFnLTFjTWN3RU90cG5NbzRNeGc3VjhR\">&nbsp;Zdj\u0119cia<\/a><\/p>\n\n\n\n<p><a href=\"https:\/\/www.pzbs.pl\/wyniki\/turnieje\/2019\/gpp\/starachowice\/otp5\/\">Jan Janiak na podium&nbsp;eliminacji MPPO<\/a><\/p>\n\n\n\n<p><a href=\"http:\/\/www.elk.mm.pl\/~mikolajzelku\/index_pliki\/Wyniki-inne_pliki\/W-MWPar2019.html\">Para Narie na podium Mistrzostw Wojew\u00f3dztwa Par<\/a><\/p>\n\n\n\n<p><a href=\"http:\/\/ozbs.zeto.olsztyn.pl\/turx.php?id_turnieju=1955&amp;Akcja=P\">Zwyci\u0119stwo pary Narie w eliminacja kadrowych<\/a><\/p>\n\n\n\n<p><a href=\"http:\/\/www.pzbs.pl\/wyniki\/turnieje\/2018\/gpp1819\/vilnius\/pairs\/W-gp.html\">\u015awietna gra Jana Sta\u0144czaka w Wilnie<\/a><\/p>\n\n\n\n<p><a href=\"http:\/\/ozbs.zeto.olsztyn.pl\/turx.php?id_turnieju=1000163&amp;Akcja=P\">Stanis\u0142aw Hartwig srebrnym medalist\u0105 IMW<\/a><\/p>\n\n\n\n<p><a href=\"http:\/\/ozbs.zeto.olsztyn.pl\/turx.php?id_turnieju=1000162&amp;Akcja=P\">Jan Sta\u0144czak drugi w Mityngu RK<\/a><\/p>\n\n\n\n<p><a href=\"http:\/\/archiwum.moraskibrydz.pl\/Relacje\/stanczakwfinaleMPS.php\"><u>Jan Sta\u0144czak w finale MPS<\/u><\/a><\/p>\n\n\n\n<p><a href=\"http:\/\/archiwum.moraskibrydz.pl\/Relacje\/lasowskistanczakwornecie.php.htm\">Zwyci\u0119stwo morskiej pary R.&nbsp; \u0141asowski &#8211; J.Sta\u0144czak<\/a><\/p>\n\n\n\n<p><a href=\"http:\/\/archiwum.moraskibrydz.pl\/Relacje\/MBBogaczewo17.php\">MITYNG BRYD\u017bOWY w Bogaczewie<\/a>&nbsp;<\/p>\n\n\n\n<p><a href=\"http:\/\/archiwum.moraskibrydz.pl\/Relacje\/stanczakwPuli.php\">Jan Sta\u0144czak w Puli<\/a><\/p>\n\n\n\n<hr class=\"wp-block-separator has-css-opacity\"\/>\n\n\n\n<p><strong><span class=\"has-inline-color has-accent-color\">Turnieje &#8222;Kaktus&#8221;<\/span><\/strong><\/p>\n\n\n\n<p><a href=\"http:\/\/archiwum.moraskibrydz.pl\/Turnieje\/2021\/210524.htm\">210524<\/a><\/p>\n\n\n\n<p><a href=\"http:\/\/archiwum.moraskibrydz.pl\/Turnieje\/2021\/210517.htm\">210517<\/a><\/p>\n\n\n\n<p><a href=\"http:\/\/archiwum.moraskibrydz.pl\/Turnieje\/2021\/210510.htm\">210510<\/a><\/p>\n\n\n\n<p><a href=\"http:\/\/archiwum.moraskibrydz.pl\/Turnieje\/2021\/210503.htm\">210503<\/a><\/p>\n\n\n\n<p><a href=\"http:\/\/archiwum.moraskibrydz.pl\/Turnieje\/2021\/210426.htm\">210426<\/a><\/p>\n\n\n\n<p><a href=\"http:\/\/archiwum.moraskibrydz.pl\/Turnieje\/2021\/210419.htm\">210419<\/a><\/p>\n\n\n\n<p><a href=\"http:\/\/archiwum.moraskibrydz.pl\/Turnieje\/2021\/210412.htm\">210412<\/a><\/p>\n\n\n\n<p><a href=\"http:\/\/archiwum.moraskibrydz.pl\/Turnieje\/2021\/210329.htm\">210329<\/a><\/p>\n\n\n\n<p><a href=\"http:\/\/archiwum.moraskibrydz.pl\/Turnieje\/2021\/210322.htm\">210322<\/a><\/p>\n\n\n\n<p><a href=\"http:\/\/archiwum.moraskibrydz.pl\/Turnieje\/2021\/210315.htm\">210315<\/a><\/p>\n\n\n\n<p><a href=\"http:\/\/archiwum.moraskibrydz.pl\/Turnieje\/2021\/210308.htm\">210308<\/a><\/p>\n\n\n\n<p><a href=\"http:\/\/archiwum.moraskibrydz.pl\/Turnieje\/2021\/210301.htm\">210301<\/a><\/p>\n<\/div>\n<\/div>\n","protected":false},"excerpt":{"rendered":"<p>Wyniki klasyfikacyjne 2025 PDF 2025 r. PKL 2025 r. PKL-e krajowe 25 NAJNOWSZE WYNIKI Medal Mistrzostw Wojew\u00f3dztwa Par Jana Janiaka Para J. Sta\u0144czak &#8211; I. Jagielski medalistami Mistrzostw Polski Para Narie Mor\u0105g najlepsza w Chorwacji Komentarz na Facebooku III Liga Tabela i wyniki&nbsp; Komentarz na Facebooku Turniej indywidualny na impy z przel. na VP, pi\u0105tek [&hellip;]<\/p>\n","protected":false},"author":1,"featured_media":0,"parent":0,"menu_order":0,"comment_status":"closed","ping_status":"closed","template":"templates\/template-full-width.php","meta":{"footnotes":""},"class_list":["post-35","page","type-page","status-publish","hentry"],"_links":{"self":[{"href":"https:\/\/moraskibrydz.pl\/index.php?rest_route=\/wp\/v2\/pages\/35","targetHints":{"allow":["GET"]}}],"collection":[{"href":"https:\/\/moraskibrydz.pl\/index.php?rest_route=\/wp\/v2\/pages"}],"about":[{"href":"https:\/\/moraskibrydz.pl\/index.php?rest_route=\/wp\/v2\/types\/page"}],"author":[{"embeddable":true,"href":"https:\/\/moraskibrydz.pl\/index.php?rest_route=\/wp\/v2\/users\/1"}],"replies":[{"embeddable":true,"href":"https:\/\/moraskibrydz.pl\/index.php?rest_route=%2Fwp%2Fv2%2Fcomments&post=35"}],"version-history":[{"count":83,"href":"https:\/\/moraskibrydz.pl\/index.php?rest_route=\/wp\/v2\/pages\/35\/revisions"}],"predecessor-version":[{"id":2430,"href":"https:\/\/moraskibrydz.pl\/index.php?rest_route=\/wp\/v2\/pages\/35\/revisions\/2430"}],"wp:attachment":[{"href":"https:\/\/moraskibrydz.pl\/index.php?rest_route=%2Fwp%2Fv2%2Fmedia&parent=35"}],"curies":[{"name":"wp","href":"https:\/\/api.w.org\/{rel}","templated":true}]}}